202
Convert -402 (base 5) to base 7.
-204
What is 1 (base 4) in base 2?
1
3 (base 8) to base 16
3
Convert a6 (base 15) to base 3.
12210
What is -12 (base 12) in base 15?
-e
What is 7 (base 14) in base 4?
13
Convert -2 (base 11) to base 4.
-2
6 (base 15) to base 10
6
-21212 (base 3) to base 12
-158
Convert 1 (base 13) to base 16.
1
What is 2 (base 6) in base 7?
2
Convert -9 (base 12) to base 14.
-9
4 (base 13) to base 11
4
-10012 (base 3) to base 6
-222
14 (base 8) to base 5
22
What is -32 (base 4) in base 7?
-20
What is -300 (base 5) in base 7?
-135
What is 146 (base 7) in base 4?
1103
-1010 (base 2) to base 7
-13
What is -1 (base 15) in base 8?
-1
Convert -11 (base 13) to base 15.
-e
Convert -11 (base 6) to base 11.
-7
Convert 142 (base 11) to base 5.
1132
100 (base 2) to base 8
4
Convert 41 (base 5) to base 11.
1a
Convert -4 (base 6) to base 14.
-4
2 (base 12) to base 16
2
What is 2 (base 7) in base 16?
2
What is 12 (base 6) in base 3?
22
Convert -13 (base 9) to base 8.
-14
Convert -10 (base 7) to base 9.
-7
What is -1 (base 10) in base 3?
-1
What is -76 (base 14) in base 7?
-206
Convert 1110 (base 2) to base 15.
e
0 (base 16) to base 15
0
What is -3 (base 14) in base 13?
-3
What is 20 (base 5) in base 16?
a
26 (base 10) to base 16
1a
-11 (base 8) to base 12
-9
Convert -223 (base 4) to base 12.
-37
What is -27 (base 10) in base 5?
-102
Convert -3 (base 16) to base 5.
-3
7 (base 15) to base 13
7
Convert 6 (base 8) to base 16.
6
Convert 6 (base 12) to base 7.
6
What is 1020 (base 3) in base 16?
21
Convert 4 (base 10) to base 9.
4
-10 (base 8) to base 7
-11
What is 142 (base 5) in base 13?
38
13 (base 7) to base 16
a
Convert 3 (base 15) to base 2.
11
Convert 77 (base 15) to base 12.
94
-43 (base 12) to base 3
-1220
What is b (base 14) in base 4?
23
What is 4 (base 16) in base 8?
4
What is -111 (base 15) in base 7?
-463
What is -14 (base 14) in base 7?
-24
11 (base 16) to base 7
23
84 (base 10) to base 14
60
What is -2000 (base 4) in base 3?
-11202
What is 113 (base 4) in base 8?
27
Convert 0 (base 4) to base 5.
0
What is 6 (base 11) in base 3?
20
Convert -18 (base 9) to base 13.
-14
What is -3 (base 7) in base 14?
-3
Convert 1100 (base 2) to base 8.
14
What is -1b (base 12) in base 10?
-23
-1 (base 3) to base 10
-1
-22 (base 5) to base 13
-c
13 (base 10) to base 8
15
-20 (base 7) to base 6
-22
What is -10 (base 13) in base 9?
-14
-25 (base 15) to base 10
-35
-6 (base 8) to base 15
-6
-2 (base 15) to base 11
-2
What is -5 (base 10) in base 5?
-10
Convert 20 (base 12) to base 3.
220
What is -22 (base 4) in base 7?
-13
What is 2 (base 3) in base 5?
2
-15 (base 10) to base 15
-10
What is 143 (base 7) in base 9?
88
What is -101 (base 5) in base 15?
-1b
Convert -1010 (base 3) to base 16.
-1e
What is 10111 (base 2) in base 10?
23
What is 12 (base 4) in base 9?
6
2a (base 13) to base 10
36
11 (base 13) to base 9
15
What is 110 (base 5) in base 15?
20
-12 (base 3) to base 12
-5
Convert -353 (base 8) to base 2.
-11101011
Convert 188 (base 13) to base 12.
1b5
What is -111 (base 9) in base 5?
-331
Convert 15 (base 15) to base 16.
14
Convert 78 (base 9) to base 3.
2122
-1b (base 12) to base 10
-23
-164 (base 11) to base 5
-1231
32 (base 12) to base 6
102
Convert -64 (base 13) to base 7.
-145
Convert -1 (base 8) to base 14.
-1
Convert 3 (base 12) to base 4.
3
What is -75 (base 14) in base 12?
-87
-1 (base 15) to base 13
-1
101 (base 3) to base 8
12
Convert 10 (base 4) to base 11.
4
-3 (base 6) to base 16
-3
Convert -60 (base 15) to base 3.
-10100
What is -13 (base 16) in base 5?
-34
Convert 5 (base 11) to base 7.
5
Convert 0 (base 8) to base 12.
0
Convert 10 (base 15) to base 14.
11
Convert -24 (base 13) to base 7.
-42
6 (base 13) to base 8
6
What is 13 (base 11) in base 15?
e
17 (base 13) to base 15
15
74 (base 8) to base 16
3c
Convert 2 (base 16) to base 12.
2
What is 111 (base 2) in base 5?
12
-22 (base 4) to base 10
-10
What is -1 (base 13) in base 15?
-1
Convert 33 (base 4) to base 5.
30
What is -65 (base 11) in base 4?
-1013
What is -11 (base 6) in base 2?
-111
Convert 36 (base 13) to base 9.
50
-9 (base 13) to base 9
-10
Convert 5 (base 7) to base 15.
5
What is 0 (base 15) in base 6?
0
What is 1 (base 3) in base 12?
1
23 (base 4) to base 11
10
What is -12 (base 5) in base 8?
-7
Convert -114 (base 9) to base 5.
-334
What is 40 (base 11) in base 4?
230
Convert 10 (base 10) to base 3.
101
-125 (base 7) to base 15
-48
-11 (base 11) to base 5
-22
-3d (base 15) to base 12
-4a
11 (base 5) to base 15
6
Convert 5a (base 14) to base 15.
55
4 (base 10) to base 6
4
Convert 24 (base 7) to base 8.
22
What is -14 (base 12) in base 15?
-11
-1 (base 9) to base 3
-1
Convert 2 (base 5) to base 6.
2
11010 (base 3) to base 6
303
12 (base 8) to base 15
a
Convert 2 (base 6) to base 9.
2
Convert -23 (base 12) to base 6.
-43
What is 0 (base 16) in base 9?
0
What is 10021 (base 3) in base 11?
80
What is -212 (base 6) in base 9?
-88
1032 (base 6) to base 9
282
Convert -11000 (base 2) to base 7.
-33
What is 3000 (base 4) in base 15?
cc
-14 (base 15) to base 3
-201
20 (base 3) to base 10
6
Convert -102 (base 7) to base 5.
-201
Convert 71 (base 9) to base 10.
64
-3 (base 11) to base 12
-3
What is -1 (base 16) in base 10?
-1
Convert -11 (base 11) to base 7.
-15
Convert -1 (base 7) to base 13.
-1
What is -19 (base 12) in base 13?
-18
-46 (base 8) to base 10
-38
-c (base 13) to base 3
-110
Convert 13 (base 8) to base 11.
10
Convert 0 (base 4) to base 11.
0
Convert -74 (base 15) to base 16.
-6d
What is -42 (base 12) in base 13?
-3b
Convert -3 (base 12) to base 4.
-3
What is -3 (base 11) in base 14?
-3
-6 (base 14) to base 4
-12
What is -102 (base 3) in base 15?
-b
-1 (base 10) to base 13
-1
What is 7 (base 12) in base 14?
7
-101 (base 2) to base 4
-11
What is -111 (base 2) in base 8?
-7
Convert -1 (base 16) to base 9.
-1
Convert 8 (base 16) to base 5.
13
53 (base 9) to base 6
120
What is -11 (base 7) in base 9?
-8
-241 (base 6) to base 13
-76
Convert 0 (base 16) to base 12.
0
Convert -62 (base 10) to base 4.
-332
6 (base 12) to base 2
110
What is 0 (base 10) in base 8?
0
29 (base 12) to base 2
100001
-2 (base 7) to base 15
-2
What is 1 (base 12) in base 14?
1
Convert 3 (base 10) to base 2.
11
Convert -323 (base 6) to base 9.
-146
10000 (base 2) to base 4
100
-5 (base 14) to base 2
-101
-23 (base 10) to base 13
-1a
What is 3 (base 4) in base 9?
3
4 (base 9) to base 4
10
Convert -3 (base 16) to base 15.
-3
What is -3a (base 15) in base 4?
-313
What is -5 (base 8) in base 9?
-5
Convert 11 (base 3) to base 4.
10
Convert -17 (base 14) to base 10.
-21
What is 7 (base 15) in base 7?
10
-3a (base 14) to base 8
-64
a (base 16) to base 9
11
What is 2 (base 16) in base 13?
2
Convert 24 (base 15) to base 8.
42
What is 4 (base 12) in base 2?
100
What is -13 (base 4) in base 13?
-7
What is 35 (base 14) in base 10?
47
What is -10 (base 12) in base 11?
-11
Convert -26 (base 10) to base 9.
-28
Convert 47 (base 10) to base 12.
3b
What is 0 (base 13) in base 14?
0
What is 2b (base 13) in base 16?
25
What is 30 (base 15) in base 4?
231
Convert -49 (base 11) to base 5.
-203
What is 36 (base 13) in base 9?
50
What is 14 (base 5) in base 14?
9
What is 0 (base 3) in base 9?
0
Convert -15 (base 15) to base 14.
-16
Convert -3 (base 8) to base 10.
-3
-48 (base 11) to base 3
-1221
-69 (base 16) to base 3
-10220
Convert 37 (base 15) to base 5.
202
-10 (base 4) to base 5
-4
112 (base 4) to base 8
26
-6 (base 8) to base 9
-6
Convert -10131 (base 4) to base 12.
-1b9
What is 1a (base 13) in base 8?
27
1 (base 13) to base 9
1
What is 25 (base 12) in base 5?
104
-122 (base 5) to base 10
-37
25 (base 7) to base 14
15
2 (base 12) to base 4
2
Convert -6 (base 12) to base 2.
-110
What is 33 (base 5) in base 6?
30
-2 (base 4) to base 12
-2
Convert 0 (base 10) to base 11.
0
Convert -4b (base 13) to base 15.
-43
Convert -7 (base 9) to base 14.
-7
What is 12 (base 8) in base 10?
10
Convert 0 (base 4) to base 5.
0
Convert 11 (base 2) to base 10.
3
What is 105 (base 7) in base 9?
60
What is -6a (base 11) in base 15?
-51
-123 (base 7) to base 6
-150
What is -31 (base 13) in base 16?
-28
What is a (base 11) in base 16?
a
Convert -2 (base 13) to base 10.
-2
What is 1 (base 15) in base 6?
1
Convert 44 (base 11) to base 14.
36
W